{"id":26,"date":"2021-11-13T20:41:29","date_gmt":"2021-11-13T20:41:29","guid":{"rendered":"http:\/\/fewo-seeblick-allgaeu.de\/?page_id=26"},"modified":"2022-02-19T22:45:20","modified_gmt":"2022-02-19T21:45:20","slug":"links","status":"publish","type":"page","link":"https:\/\/fewo-seeblick-allgaeu.de\/STRATO-apps\/wordpress_02\/app\/links\/","title":{"rendered":"Links"},"content":{"rendered":"\n<p><\/p>\n\n\n\n<div class=\"wp-block-uagb-advanced-heading uagb-block-7d46b952 uagb-heading-text\"><h1 class=\"uagb-heading-text\">Links<\/h1><div class=\"uagb-separator-wrap\"><div class=\"uagb-separator\"><\/div><\/div><p class=\"uagb-desc-text\"><strong>Hier finden Sie Anregungen f\u00fcr Ausfl\u00fcge zu einmaligen Sehensw\u00fcrdigkieten, wundersch\u00f6nen Naturerlebnissen, viele Aktivit\u00e4ten f\u00fcr Gro\u00df und Klein, Tipps f\u00fcr Ausfl\u00fcger aller Art und eine Auflistung einiger Bergbahnen aus der n\u00e4heren Umgebung f\u00fcr einen Abstecher in die Allg\u00e4uer Alpen.<\/strong><\/p><\/div>\n\n\n\n<div style=\"height:30px\" aria-hidden=\"true\" class=\"wp-block-spacer\"><\/div>\n\n\n\n<div class=\"wp-block-cover is-light\"><span aria-hidden=\"true\" class=\"wp-block-cover__background has-background-dim-90 has-background-dim\" style=\"background-color:#f1f1f1\"><\/span><div class=\"wp-block-cover__inner-container is-layout-flow wp-block-cover-is-layout-flow\">\n<h3 class=\"wp-block-heading\" id=\"sehenswurdigkeiten\">Sehensw\u00fcrdigkeiten<\/h3>\n\n\n\n<p><strong><a rel=\"noreferrer noopener\" href=\"http:\/\/www.neuschwanstein.de\/\" target=\"_blank\">Schlo\u00df Neuschwanstein<\/a><\/strong>, ca. 45 Minuten entfernt<br>Das Schloss Neuschwanstein steht oberhalb von Hohenschwangau bei F\u00fcssen im s\u00fcdlichen Bayern. Der Bau wurde ab 1869 f\u00fcr den bayerischen K\u00f6nig Ludwig II. als idealisierte Vorstellung einer Ritterburg aus der Zeit des Mittelalters errichtet.<\/p>\n\n\n\n<hr class=\"wp-block-separator is-style-default\"\/>\n\n\n\n<p><a rel=\"noreferrer noopener\" href=\"http:\/\/www.hohenschwangau.de\/319.html\" target=\"_blank\"><strong>Schlo\u00df Hohenschwangau<\/strong><\/a>, ca. 40 Minuten entfernt<br>Hier verlebte K\u00f6nig Ludwig II. nicht nur seine Jugend, dieses Schloss diente ihm als Sommerresidenz bis zu seinem Tod 1886.<\/p>\n\n\n\n<hr class=\"wp-block-separator is-style-default\"\/>\n\n\n\n<p><strong><a rel=\"noreferrer noopener\" href=\"http:\/\/www.apc-kempten.de\/\" target=\"_blank\">Arch\u00e4ologischer Park Campodunum<\/a><\/strong>, ca. 20 Minuten entfernt<br>2000 Jahre alte Stadtgeschichte in der R\u00f6merstadt Kempten, sichtbar in Spuren und Funden aus 120 Jahren arch\u00e4ologischer Arbeit. Sp\u00fcren Sie antikes Leben in der Siedlung und Tempelanlage unter freiem Himmel.<\/p>\n\n\n\n<hr class=\"wp-block-separator is-style-default\"\/>\n\n\n\n<p><strong><a rel=\"noreferrer noopener\" href=\"http:\/\/www.bergbauernmuseum.de\/\" target=\"_blank\">Bergbauernmuseum<\/a><\/strong>, ca. 10 Minuten entfernt<br>Wer mit seinen Kindern p\u00e4dagogisch wertvoll spielen will &#8211; <em>Bergbauernmuseum<\/em> Diepholz ist die Empfehlung.<\/p>\n\n\n\n<hr class=\"wp-block-separator is-style-default\"\/>\n\n\n\n<p><a rel=\"noreferrer noopener\" href=\"http:\/\/www.erzgruben.de\/\" target=\"_blank\"><strong>Erzgruben Erlebniswelt<\/strong><\/a>, ca. 20 Minuten<br>Lernen Sie das Leben und die Arbeit der Knappen im Eisenerz-Bergbau vom 14. bis 19. Jahrhundert und die Geologie des Gr\u00fcntens und des Allg\u00e4us kennen.<\/p>\n<\/div><\/div>\n\n\n\n<hr class=\"wp-block-separator has-text-color has-background is-style-default\" style=\"background-color:#ffffff;color:#ffffff\"\/>\n\n\n\n<div class=\"wp-block-cover is-light\"><span aria-hidden=\"true\" class=\"wp-block-cover__background has-background-dim-100 has-background-dim\" style=\"background-color:#f1f1f1\"><\/span><div class=\"wp-block-cover__inner-container is-layout-flow wp-block-cover-is-layout-flow\">\n<h3 class=\"wp-block-heading\" id=\"sehenswurdigkeiten\">Naturerlebnis<\/h3>\n\n\n\n<p><strong><a rel=\"noreferrer noopener\" href=\"http:\/\/www.breitachklamm.com\/\" target=\"_blank\">Breitachklamm<\/a><\/strong>, ca. 35 Minuten entfernt<br>Dieses einzigartige Naturdenkmal ist die tiefste und eine der imposantesten Felsenschluchten Mitteleuropas und z\u00e4hlt zu den sch\u00f6nsten Geotopen Bayerns! Ein Besuch lohnt sich zu jeder Jahreszeit &#8211; auch bei Regen, denn je mehr Wasser flie\u00dft, desto imposanter wirkt die Breitachklamm.<\/p>\n\n\n\n<hr class=\"wp-block-separator is-style-default\"\/>\n\n\n\n<p><a rel=\"noreferrer noopener\" href=\"http:\/\/www.starzlachklamm.de\/\" target=\"_blank\"><strong>Starzlachklamm<\/strong><\/a>, ca. 25 Minuten entfernt<br>Der nat\u00fcrliche Sch\u00f6pfer der Starzlachklamm ist die Starzlach, die zwischen Gr\u00fcnten und dem Wertacher H\u00f6rnle in 1070m entspringt, und von zahlreichen Rinnsalen gespeist wird. In der Klamm st\u00fcrzt das Wasser von mehreren Wasserf\u00e4llen herunter.<\/p>\n\n\n\n<hr class=\"wp-block-separator is-style-default\"\/>\n\n\n\n<p><strong><a href=\"https:\/\/www.hoernerdoerfer.de\/a-sturmannshoehle-obermaiselstein-allgaeu\" target=\"_blank\" rel=\"noreferrer noopener\">Sturmannsh\u00f6hle<\/a><\/strong>, ca. 30 Minuten entfernt<br>Folgen Sie den mystischen Geschichten und Erz\u00e4hlungen auf bequem gesicherten Stufen 300 m tief in die faszinierende Welt der Urzeit. 120 Millionen Jahre alte Gesteinsformationen begleiten Sie auf dem hell ausgeleuchteten Weg zum Drachentor, vorbei am H\u00f6hlenrachen bis zum H\u00f6hlenkessel.<\/p>\n\n\n\n<hr class=\"wp-block-separator is-style-default\"\/>\n\n\n\n<p><strong><a rel=\"noreferrer noopener\" href=\"https:\/\/www.alpsee-gruenten.de\/berge\/freizeit\/abenteuer-galetschbach-im-reich-der-wasseramsel-320.html#\/meldungen\" target=\"_blank\">Abenteuer Galetschbach<\/a><\/strong>, ca. 20 Minuten entfernt<br>Perfekt f\u00fcr einen Familienausflug. Das ist unser Erlebnispfad &#8222;Abenteuer Galetschbach&#8220; in Rettenberg. Hier ist der erste Allg\u00e4uer Wassersteig entstanden und ein Erlebnispfad mit 13 tollen Stationen rund um das Reich der Wasseramsel. Fauna und Flora werden erkl\u00e4rt.<\/p>\n\n\n\n<hr class=\"wp-block-separator is-style-default\"\/>\n\n\n\n<p><strong><a rel=\"noreferrer noopener\" href=\"http:\/\/www.skywalk-allgaeu.de\/\" target=\"_blank\">Skywalk-Allg\u00e4u<\/a><\/strong>, ca. 55 Minuten entfernt<br>Naturerlebnis auf hohen Wegen. Baumwipfelpfad, Abenteuerspielplatz, Naturerlebnispfad, Barfu\u00dfpfad, Informationszentrum.<\/p>\n<\/div><\/div>\n\n\n\n<hr class=\"wp-block-separator has-text-color has-background is-style-default\" style=\"background-color:#ffffff;color:#ffffff\"\/>\n\n\n\n<div class=\"wp-block-cover is-light\"><span aria-hidden=\"true\" class=\"wp-block-cover__background has-background-dim-100 has-background-dim\" style=\"background-color:#f1f1f1\"><\/span><div class=\"wp-block-cover__inner-container is-layout-flow wp-block-cover-is-layout-flow\">\n<h3 class=\"wp-block-heading\" id=\"sehenswurdigkeiten\">Aktivit\u00e4ten<\/h3>\n\n\n\n<p><strong><a rel=\"noreferrer noopener\" href=\"http:\/\/www.inselsee-allgaeu.de\/\" target=\"_blank\">Wasserskilift Blaichach<\/a><\/strong>, ca. 20 Minuten entfernt<br>Die familienfreundliche Freizeitanlage zwischen Immenstadt und Blaichach l\u00e4dt mit zwei Badeseen, einer gro\u00dfen Liegewiese samt Kinderspielplatz und Beachvolleyballfeld, dem idyllischen Cafe Inselsee sowie drei Wasserski- und Wakeboardanlage mit Shop und der Bikini Bar zum Verweilen ein.<\/p>\n\n\n\n<hr class=\"wp-block-separator is-style-default\"\/>\n\n\n\n<p><a rel=\"noreferrer noopener\" href=\"http:\/\/www.alpsee-bergwelt.de\/spass\/alpsee-coaster\/\" target=\"_blank\"><strong>Alpsee-Bergwelt mit Alpsee Coaster<\/strong><\/a>, ca. 30 Minuten entfernt<br>Der Alpsee Coaster ist Deutschlands l\u00e4ngste Ganzjahres-Rodelbahn und bei so gut wie jedem Wetter in Betrieb. Auf einer L\u00e4nge von fast 3.000 Metern f\u00fchrt die Strecke von der Bergstation der Sesselbahn direkt zum &#8222;Rodelwirt&#8220; neben der Talstation.<\/p>\n\n\n\n<hr class=\"wp-block-separator is-style-default\"\/>\n\n\n\n<p><strong><a href=\"https:\/\/www.buron-skilifte.de\/21-0-Kinderpark.html\" target=\"_blank\" rel=\"noreferrer noopener\">Buron Bob Kinderpark<\/a><\/strong>, ca. 24 Minuten entfernt<br>Im Hallenspielplatz Allg\u00e4ulino in Wertach k\u00f6nnt Ihr auf \u00fcber 3.000 qm toben und Spa\u00df haben. Kletterberge und Der Buron-Kinderpark befindet sich in Sichtweite des Gr\u00fcntensees. Hier in der herrlichen Allg\u00e4uer Natur ist das gro\u00dfe Spielparadies f\u00fcr Kinder bis ca. 13 Jahre.<\/p>\n\n\n\n<hr class=\"wp-block-separator is-style-default\"\/>\n\n\n\n<p><strong><a rel=\"noreferrer noopener\" href=\"http:\/\/www.allgaeulino.de\/\" target=\"_blank\">Allg\u00e4ulino<\/a><\/strong>, ca. 30 Minuten entfernt<br>Im Hallenspielplatz Allg\u00e4ulino in Wertach k\u00f6nnt Ihr auf \u00fcber 3.000 qm toben und Spa\u00df haben. Kletterberge und T\u00fcrme wollen erobert werden und die 10 m hohe Drachenburg bietet alles, was ein Kinderherz h\u00f6her schlagen l\u00e4sst. F\u00fcr die kleinen Formel-I-Fans gibt es Elektroautos.<\/p>\n\n\n\n<hr class=\"wp-block-separator is-style-default\"\/>\n\n\n\n<p><strong><a href=\"https:\/\/linalauneland.de\/\" target=\"_blank\" rel=\"noreferrer noopener\">Lina Laune Land<\/a><\/strong>, ca. 9 Minuten entfernt<br>Im aufregenden Indoor Freizeitpark bleiben keine W\u00fcnsche offen. Kleine und gro\u00dfe Kinder gehen hier auf eine aufregende Entdeckungsreise. Langeweile gibt&#8217;s hier definitiv nicht, denn es ist f\u00fcr jeden was dabei!<\/p>\n\n\n\n<hr class=\"wp-block-separator is-style-default\"\/>\n\n\n\n<p><strong><a rel=\"noreferrer noopener\" href=\"https:\/\/skyhouse-allgaeu.de\/\" target=\"_blank\">Skyhouse Trampolinpark<\/a><\/strong>, ca. 9 Minuten entfernt<br>H\u00fcpfen, Klettern,&nbsp;mal was Neues wagen und die eigenen Grenzen \u00fcberwinden \u2013 hier erlebst Du Gl\u00fcck und Adrenalin. Wage &nbsp;Dich auf unsere exklusiven Olympia Trampoline, diese katapultieren Dich sicher in andere Sph\u00e4ren und Du holst Dir spielend Deine ersten Flugerfahrungen.<\/p>\n\n\n\n<hr class=\"wp-block-separator is-style-default\"\/>\n\n\n\n<p><strong><a rel=\"noreferrer noopener\" href=\"http:\/\/www.skylinepark.de\/\" target=\"_blank\">Skyline-Park<\/a><\/strong>, ca. 55 Minuten entfernt<br>Der Allg\u00e4u Skyline Park ist ein Freizeitpark bei Bad W\u00f6rishofen im Landkreis Unterallg\u00e4u in Oberschwaben. In den Themenbereichen Adrenalin Pur, Familien-Hits, Liebesgefl\u00fcster und Kinderspass gibt es derzeit \u00fcber 50 Attraktionen.<\/p>\n\n\n\n<hr class=\"wp-block-separator is-style-default\"\/>\n\n\n\n<p><strong><a rel=\"noreferrer noopener\" href=\"http:\/\/www.legoland.de\/\" target=\"_blank\">Legoland<\/a><\/strong>, ca. 1 Stunde 10 Minuten entfernt<br>LEGOLAND\u00ae Deutschland ist so gro\u00df wie 26 Fu\u00dfballfelder und unterteilt sich in acht Themenbereiche. Jeder Themenbereich ist so angelegt, dass es f\u00fcr kleine und gro\u00dfe Helden bei den LEGO\u00ae Experimentierzentren, Achterbahnen, Wasserattraktionen und Shows gleicherma\u00dfen viel zu entdecken gibt. So kann die Familie den ganzen Tag gemeinsam auf Erkundungs- und Erlebnisreise gehen.<\/p>\n\n\n\n<hr class=\"wp-block-separator is-style-default\"\/>\n\n\n\n<p><strong><a rel=\"noreferrer noopener\" href=\"http:\/\/www.legoland.de\/\" target=\"_blank\">Ravensburger Spieleland<\/a><\/strong>, ca. 1 Stunde 13 Minuten entfernt<br>Ravensburger Spieleland &#8211; Der Freizeitpark am Bodensee. Abenteuer, Spiel und Action mit K\u00e4pt&#8217;n Blaub\u00e4r, Maus &amp; Co.<\/p>\n<\/div><\/div>\n\n\n\n<hr class=\"wp-block-separator has-text-color has-background is-style-default\" style=\"background-color:#ffffff;color:#ffffff\"\/>\n\n\n\n<div class=\"wp-block-cover is-light\"><span aria-hidden=\"true\" class=\"wp-block-cover__background has-background-dim-100 has-background-dim\" style=\"background-color:#f1f1f1\"><\/span><div class=\"wp-block-cover__inner-container is-layout-flow wp-block-cover-is-layout-flow\">\n<h3 class=\"wp-block-heading\" id=\"sehenswurdigkeiten\">Ausfl\u00fcge<\/h3>\n\n\n\n<p><strong>Bodensee,<\/strong> ca. 60 Minuten entfernt<br>Erkunden Sie den gr\u00f6\u00dften See deutschlands. Wer einmal an einem sch\u00f6nen Sommer- oder milden Herbstabend mit einem Gl\u00e4schen Wein an einer Uferpromenade des Bodensees sitzend den Sonnenuntergang genossen hat, der f\u00fchlt sich wie am Mittelmeer und sieht den Traum vom S\u00fcden schon hier, n\u00f6rdlich der Alpen erf\u00fcllt. Denn der See bietet seinen menschlichen und tierischen Anrainern einen fast mediterranen Lebensraum mit warmen Sommern und relativ milden Wintern.<\/p>\n\n\n\n<hr class=\"wp-block-separator is-style-default\"\/>\n\n\n\n<p><a rel=\"noreferrer noopener\" href=\"http:\/\/www.muenchen.de\/\" target=\"_blank\"><strong>M\u00fcnchen<\/strong><\/a>, ca. 1 Stunde 40 Minuten entfernt<br>Die Landeshauptstadt und auch gr\u00f6\u00dfte Stadt Bayerns bietet f\u00fcr jeden etwas.<\/p>\n\n\n\n<hr class=\"wp-block-separator is-style-default\"\/>\n\n\n\n<p><strong><a rel=\"noreferrer noopener\" href=\"http:\/\/www.alpsee-immenstadt.de\/\" target=\"_blank\">Alpsee, Immenstadt<\/a><\/strong>, ca. 30 Minuten entfernt<br>Der Gro\u00dfe Alpsee ist der gr\u00f6\u00dfte Natursee des Allg\u00e4us in mitten von Wiesen, W\u00e4lder und Berge. Neben ausgezeichneten Sportm\u00f6glichkeiten bietet der gro\u00dfe Alpsee auch tolle Badem\u00f6glichkeiten rund um den See.<\/p>\n\n\n\n<hr class=\"wp-block-separator is-style-default\"\/>\n\n\n\n<p><a href=\"https:\/\/www.fuessen.de\/wasser\/forggenseeschifffahrt.html\" target=\"_blank\" rel=\"noreferrer noopener\"><strong>Forgensee, F\u00fcssen<\/strong><\/a>, ca. 35 Minuten entfernt<br>Der Forggensee ist unter den menschlichen Eingriffen in die Natur ein selten gut gelungener. Gesichter, die Natur und Kultur schufen, blieben weitgehend beibehalten.<\/p>\n\n\n\n<hr class=\"wp-block-separator is-style-default\"\/>\n\n\n\n<p><a href=\"https:\/\/www.kempten.de\/kempten-erleben-30.html\"><\/a><strong><a rel=\"noreferrer noopener\" href=\"https:\/\/www.kempten.de\/kempten-erleben-30.html\" target=\"_blank\">Kempten<\/a><\/strong>, ca. 20 Minuten entfernt<br>Die Dauerausstellung \u00f6ffnet Blicke auf das namhafte Allg\u00e4uer Kunstschaffen von einst bis jetzt. Kempten gilt als die \u00e4lteste Stadt Deutschlands. Die \u00fcber 2000 Jahre lange Geschichte spiegelt sich heute noch in den bedeutenden Bauwerken der Stadt wider. Kempten ist dar\u00fcber hinaus eine moderne Hochschul- und Kulturstadt mit vielf\u00e4ltigen Einkaufsm\u00f6glichkeiten und zahlreichen Pl\u00e4tzen, die zum Verweilen einladen.<\/p>\n<\/div><\/div>\n\n\n\n<hr class=\"wp-block-separator has-text-color has-background has-nv-site-bg-background-color has-nv-site-bg-color is-style-default\"\/>\n\n\n\n<div class=\"wp-block-cover is-light\"><span aria-hidden=\"true\" class=\"wp-block-cover__background has-background-dim-100 has-background-dim\" style=\"background-color:#f1f1f1\"><\/span><div class=\"wp-block-cover__inner-container is-layout-flow wp-block-cover-is-layout-flow\">\n<h3 class=\"wp-block-heading\" id=\"sehenswurdigkeiten\">Bergbahnen<\/h3>\n\n\n\n<p><strong><a href=\"https:\/\/www.ok-bergbahnen.com\/bergbahnen\/\" target=\"_blank\" rel=\"noreferrer noopener\">Oberstdorf, Kleinwalsertal Bergbahnen<\/a><\/strong>, ca. 36 Minuten entfernt<br>Ab geht\u2019s in die Berge, ganz egal ob Sommer oder Winter. Mit unseren <strong>Oberstdorf \u00b7 Kleinwalsertal Bergbahnen<\/strong> kommen G\u00e4ste zu jeder Jahreszeit hoch hinaus \u2013 und hinein <strong>in die Bergwelt der Allg\u00e4uer Alpen<\/strong>. Seilbahnen verschiedenster Art erschlie\u00dfen die Gebiete Fellhorn \/ Kanzelwand, Nebelhorn, Walmendingerhorn, Heuberg, S\u00f6llereck und Ifen und machen luftige H\u00f6hen und einmalige Bergerlebnisse einfach zug\u00e4nglich.<\/p>\n\n\n\n<hr class=\"wp-block-separator is-style-default\"\/>\n\n\n\n<p><strong><a rel=\"noreferrer noopener\" href=\"https:\/\/www.mittagbahn.de\/de\/\" target=\"_blank\">Mittagbahn Immenstadt<\/a><\/strong>, ca. 15 Minuten entfernt<br>Der Mittagberg (auch kurz Mittag genannt) ist ein 1451&nbsp;m hoher Berg in den Allg\u00e4uer Alpen. Er liegt unmittelbar s\u00fcdlich von Immenstadt und ist Teil der Nagelfluhkette und des Naturparks Nagelfluhkette.<\/p>\n\n\n\n<hr class=\"wp-block-separator is-style-default\"\/>\n\n\n\n<p><a href=\"https:\/\/www.kempten.de\/kempten-erleben-30.html\"><\/a><strong><a href=\"https:\/\/www.huendle-imberg.de\/\" target=\"_blank\" rel=\"noreferrer noopener\">H\u00fcndle-Erlebnisbahn Oberstaufen<\/a><\/strong>, ca. 34 Minuten entfernt<br>Willkommen am H\u00fcndle \u2013 dem Freizeitparadies f\u00fcr die ganze Familie. Ob Tagestour oder Spaziergang, Premiumwanderweg oder Erlebniswanderweg, Wintersport oder H\u00fcttengaudi: Es ist f\u00fcr alle das Richtige dabei.<\/p>\n<\/div><\/div>\n","protected":false},"excerpt":{"rendered":"<p>Links Hier finden Sie Anregungen f\u00fcr Ausfl\u00fcge zu einmaligen Sehensw\u00fcrdigkieten, wundersch\u00f6nen Naturerlebnissen, viele Aktivit\u00e4ten f\u00fcr Gro\u00df und Klein, Tipps f\u00fcr Ausfl\u00fcger aller Art und eine Auflistung einiger Bergbahnen aus der n\u00e4heren Umgebung f\u00fcr einen Abstecher in die Allg\u00e4uer Alpen.<\/p>\n","protected":false},"author":1,"featured_media":0,"parent":0,"menu_order":0,"comment_status":"closed","ping_status":"closed","template":"","meta":{"_uag_custom_page_level_css":"","neve_meta_sidebar":"","neve_meta_container":"","neve_meta_enable_content_width":"","neve_meta_content_width":0,"neve_meta_title_alignment":"","neve_meta_author_avatar":"","neve_post_elements_order":"","neve_meta_disable_header":"","neve_meta_disable_footer":"","neve_meta_disable_title":"","footnotes":""},"class_list":["post-26","page","type-page","status-publish","hentry"],"uagb_featured_image_src":{"full":false,"thumbnail":false,"medium":false,"medium_large":false,"large":false,"1536x1536":false,"2048x2048":false,"neve-blog":false},"uagb_author_info":{"display_name":"admin","author_link":"https:\/\/fewo-seeblick-allgaeu.de\/STRATO-apps\/wordpress_02\/app\/author\/admin\/"},"uagb_comment_info":0,"uagb_excerpt":"Links Hier finden Sie Anregungen f\u00fcr Ausfl\u00fcge zu einmaligen Sehensw\u00fcrdigkieten, wundersch\u00f6nen Naturerlebnissen, viele Aktivit\u00e4ten f\u00fcr Gro\u00df und Klein, Tipps f\u00fcr Ausfl\u00fcger aller Art und eine Auflistung einiger Bergbahnen aus der n\u00e4heren Umgebung f\u00fcr einen Abstecher in die Allg\u00e4uer Alpen.","_links":{"self":[{"href":"https:\/\/fewo-seeblick-allgaeu.de\/STRATO-apps\/wordpress_02\/app\/wp-json\/wp\/v2\/pages\/26","targetHints":{"allow":["GET"]}}],"collection":[{"href":"https:\/\/fewo-seeblick-allgaeu.de\/STRATO-apps\/wordpress_02\/app\/wp-json\/wp\/v2\/pages"}],"about":[{"href":"https:\/\/fewo-seeblick-allgaeu.de\/STRATO-apps\/wordpress_02\/app\/wp-json\/wp\/v2\/types\/page"}],"author":[{"embeddable":true,"href":"https:\/\/fewo-seeblick-allgaeu.de\/STRATO-apps\/wordpress_02\/app\/wp-json\/wp\/v2\/users\/1"}],"replies":[{"embeddable":true,"href":"https:\/\/fewo-seeblick-allgaeu.de\/STRATO-apps\/wordpress_02\/app\/wp-json\/wp\/v2\/comments?post=26"}],"version-history":[{"count":26,"href":"https:\/\/fewo-seeblick-allgaeu.de\/STRATO-apps\/wordpress_02\/app\/wp-json\/wp\/v2\/pages\/26\/revisions"}],"predecessor-version":[{"id":645,"href":"https:\/\/fewo-seeblick-allgaeu.de\/STRATO-apps\/wordpress_02\/app\/wp-json\/wp\/v2\/pages\/26\/revisions\/645"}],"wp:attachment":[{"href":"https:\/\/fewo-seeblick-allgaeu.de\/STRATO-apps\/wordpress_02\/app\/wp-json\/wp\/v2\/media?parent=26"}],"curies":[{"name":"wp","href":"https:\/\/api.w.org\/{rel}","templated":true}]}}